{"id":11446,"date":"2019-04-01T17:10:52","date_gmt":"2019-04-01T15:10:52","guid":{"rendered":"https:\/\/www.lafundacion.com\/portfolio-item\/teleberri-eitbren-berria-2019ko-martxoak-31-la-fundacion-san-prudencio-vitoria-gasteiz-sinfonia\/"},"modified":"2020-11-05T12:10:24","modified_gmt":"2020-11-05T11:10:24","slug":"teleberri-eitbren-berria-2019ko-martxoak-31-la-fundacion-san-prudencio-vitoria-gasteiz-sinfonia","status":"publish","type":"portfolio","link":"https:\/\/www.lafundacion.com\/eu\/portfolio-item\/teleberri-eitbren-berria-2019ko-martxoak-31-la-fundacion-san-prudencio-vitoria-gasteiz-sinfonia\/","title":{"rendered":"Teleberri EITBren berria, 2019ko martxoak 31 &#8211; La Fundaci\u00f3n San Prudencio Vitoria-Gasteiz Sinfonia"},"content":{"rendered":"\n<p>Aparici\u00f3n en   Teleberri de EITB de la Sinfon\u00eda Vitoria-Gasteiz compuesta para conmemorar el   50 Aniversario de la Fundaci\u00f3n Laboral San Prudencio.<\/p>\n","protected":false},"excerpt":{"rendered":"<p>Aparici\u00f3n en Teleberri de EITB de la Sinfon\u00eda Vitoria-Gasteiz compuesta para conmemorar el 50 Aniversario de la Fundaci\u00f3n Laboral San Prudencio.<\/p>\n","protected":false},"author":1,"featured_media":5552,"comment_status":"closed","ping_status":"closed","template":"","meta":{"_acf_changed":false,"footnotes":""},"tags":[],"portfolio_entries":[70],"class_list":["post-11446","portfolio","type-portfolio","status-publish","has-post-thumbnail","hentry","portfolio_entries-50-urteurrena"],"acf":[],"yoast_head":"<!-- This site is optimized with the Yoast SEO plugin v27.5 - https:\/\/yoast.com\/product\/yoast-seo-wordpress\/ -->\r\n<title>Teleberri EITBren berria, 2019ko martxoak 31 - La Fundaci\u00f3n San Prudencio Vitoria-Gasteiz Sinfonia &#187; La Fundaci\u00f3n San Prudencio<\/title>\r\n<meta name=\"robots\" content=\"noindex, follow\" \/>\r\n<meta property=\"og:locale\" content=\"eu_ES\" \/>\r\n<meta property=\"og:type\" content=\"article\" \/>\r\n<meta property=\"og:title\" content=\"Teleberri EITBren berria, 2019ko martxoak 31 - La Fundaci\u00f3n San Prudencio Vitoria-Gasteiz Sinfonia &#187; La Fundaci\u00f3n San Prudencio\" \/>\r\n<meta property=\"og:description\" content=\"Aparici\u00f3n en Teleberri de EITB de la Sinfon\u00eda Vitoria-Gasteiz compuesta para conmemorar el 50 Aniversario de la Fundaci\u00f3n Laboral San Prudencio.\" \/>\r\n<meta property=\"og:url\" content=\"https:\/\/www.lafundacion.com\/eu\/portfolio-item\/teleberri-eitbren-berria-2019ko-martxoak-31-la-fundacion-san-prudencio-vitoria-gasteiz-sinfonia\/\" \/>\r\n<meta property=\"og:site_name\" content=\"La Fundaci\u00f3n San Prudencio\" \/>\r\n<meta property=\"article:modified_time\" content=\"2020-11-05T11:10:24+00:00\" \/>\r\n<meta property=\"og:image\" content=\"https:\/\/www.lafundacion.com\/wp-content\/uploads\/2020\/05\/video19-1.jpg\" \/>\r\n\t<meta property=\"og:image:width\" content=\"480\" \/>\r\n\t<meta property=\"og:image:height\" content=\"272\" \/>\r\n\t<meta property=\"og:image:type\" content=\"image\/jpeg\" \/>\r\n<meta name=\"twitter:card\" content=\"summary_large_image\" \/>\r\n<script type=\"application\/ld+json\" class=\"yoast-schema-graph\">{\"@context\":\"https:\\\/\\\/schema.org\",\"@graph\":[{\"@type\":\"WebPage\",\"@id\":\"https:\\\/\\\/www.lafundacion.com\\\/eu\\\/portfolio-item\\\/teleberri-eitbren-berria-2019ko-martxoak-31-la-fundacion-san-prudencio-vitoria-gasteiz-sinfonia\\\/\",\"url\":\"https:\\\/\\\/www.lafundacion.com\\\/eu\\\/portfolio-item\\\/teleberri-eitbren-berria-2019ko-martxoak-31-la-fundacion-san-prudencio-vitoria-gasteiz-sinfonia\\\/\",\"name\":\"Teleberri EITBren berria, 2019ko martxoak 31 - La Fundaci\u00f3n San Prudencio Vitoria-Gasteiz Sinfonia &#187; La Fundaci\u00f3n San Prudencio\",\"isPartOf\":{\"@id\":\"https:\\\/\\\/www.lafundacion.com\\\/eu\\\/#website\"},\"primaryImageOfPage\":{\"@id\":\"https:\\\/\\\/www.lafundacion.com\\\/eu\\\/portfolio-item\\\/teleberri-eitbren-berria-2019ko-martxoak-31-la-fundacion-san-prudencio-vitoria-gasteiz-sinfonia\\\/#primaryimage\"},\"image\":{\"@id\":\"https:\\\/\\\/www.lafundacion.com\\\/eu\\\/portfolio-item\\\/teleberri-eitbren-berria-2019ko-martxoak-31-la-fundacion-san-prudencio-vitoria-gasteiz-sinfonia\\\/#primaryimage\"},\"thumbnailUrl\":\"https:\\\/\\\/www.lafundacion.com\\\/wp-content\\\/uploads\\\/2020\\\/05\\\/video19-1.jpg\",\"datePublished\":\"2019-04-01T15:10:52+00:00\",\"dateModified\":\"2020-11-05T11:10:24+00:00\",\"breadcrumb\":{\"@id\":\"https:\\\/\\\/www.lafundacion.com\\\/eu\\\/portfolio-item\\\/teleberri-eitbren-berria-2019ko-martxoak-31-la-fundacion-san-prudencio-vitoria-gasteiz-sinfonia\\\/#breadcrumb\"},\"inLanguage\":\"eu-ES\",\"potentialAction\":[{\"@type\":\"ReadAction\",\"target\":[\"https:\\\/\\\/www.lafundacion.com\\\/eu\\\/portfolio-item\\\/teleberri-eitbren-berria-2019ko-martxoak-31-la-fundacion-san-prudencio-vitoria-gasteiz-sinfonia\\\/\"]}]},{\"@type\":\"ImageObject\",\"inLanguage\":\"eu-ES\",\"@id\":\"https:\\\/\\\/www.lafundacion.com\\\/eu\\\/portfolio-item\\\/teleberri-eitbren-berria-2019ko-martxoak-31-la-fundacion-san-prudencio-vitoria-gasteiz-sinfonia\\\/#primaryimage\",\"url\":\"https:\\\/\\\/www.lafundacion.com\\\/wp-content\\\/uploads\\\/2020\\\/05\\\/video19-1.jpg\",\"contentUrl\":\"https:\\\/\\\/www.lafundacion.com\\\/wp-content\\\/uploads\\\/2020\\\/05\\\/video19-1.jpg\",\"width\":480,\"height\":272},{\"@type\":\"BreadcrumbList\",\"@id\":\"https:\\\/\\\/www.lafundacion.com\\\/eu\\\/portfolio-item\\\/teleberri-eitbren-berria-2019ko-martxoak-31-la-fundacion-san-prudencio-vitoria-gasteiz-sinfonia\\\/#breadcrumb\",\"itemListElement\":[{\"@type\":\"ListItem\",\"position\":1,\"name\":\"Portada\",\"item\":\"https:\\\/\\\/www.lafundacion.com\\\/eu\\\/hasiera\\\/\"},{\"@type\":\"ListItem\",\"position\":2,\"name\":\"Teleberri EITBren berria, 2019ko martxoak 31 &#8211; La Fundaci\u00f3n San Prudencio Vitoria-Gasteiz Sinfonia\"}]},{\"@type\":\"WebSite\",\"@id\":\"https:\\\/\\\/www.lafundacion.com\\\/eu\\\/#website\",\"url\":\"https:\\\/\\\/www.lafundacion.com\\\/eu\\\/\",\"name\":\"La Fundaci\u00f3n San Prudencio\",\"description\":\"La Fundaci\u00f3n Laboral San Prudencio en Vitoria-Gasteiz\",\"publisher\":{\"@id\":\"https:\\\/\\\/www.lafundacion.com\\\/eu\\\/#organization\"},\"potentialAction\":[{\"@type\":\"SearchAction\",\"target\":{\"@type\":\"EntryPoint\",\"urlTemplate\":\"https:\\\/\\\/www.lafundacion.com\\\/eu\\\/?s={search_term_string}\"},\"query-input\":{\"@type\":\"PropertyValueSpecification\",\"valueRequired\":true,\"valueName\":\"search_term_string\"}}],\"inLanguage\":\"eu-ES\"},{\"@type\":\"Organization\",\"@id\":\"https:\\\/\\\/www.lafundacion.com\\\/eu\\\/#organization\",\"name\":\"La Fundaci\u00f3n San Prudencio\",\"url\":\"https:\\\/\\\/www.lafundacion.com\\\/eu\\\/\",\"logo\":{\"@type\":\"ImageObject\",\"inLanguage\":\"eu-ES\",\"@id\":\"https:\\\/\\\/www.lafundacion.com\\\/eu\\\/#\\\/schema\\\/logo\\\/image\\\/\",\"url\":\"https:\\\/\\\/www.lafundacion.com\\\/wp-content\\\/uploads\\\/2020\\\/03\\\/logo-la-fundacion.png\",\"contentUrl\":\"https:\\\/\\\/www.lafundacion.com\\\/wp-content\\\/uploads\\\/2020\\\/03\\\/logo-la-fundacion.png\",\"width\":323,\"height\":129,\"caption\":\"La Fundaci\u00f3n San Prudencio\"},\"image\":{\"@id\":\"https:\\\/\\\/www.lafundacion.com\\\/eu\\\/#\\\/schema\\\/logo\\\/image\\\/\"}}]}<\/script>\r\n<!-- \/ Yoast SEO plugin. -->","yoast_head_json":{"title":"Teleberri EITBren berria, 2019ko martxoak 31 - La Fundaci\u00f3n San Prudencio Vitoria-Gasteiz Sinfonia &#187; La Fundaci\u00f3n San Prudencio","robots":{"index":"noindex","follow":"follow"},"og_locale":"eu_ES","og_type":"article","og_title":"Teleberri EITBren berria, 2019ko martxoak 31 - La Fundaci\u00f3n San Prudencio Vitoria-Gasteiz Sinfonia &#187; La Fundaci\u00f3n San Prudencio","og_description":"Aparici\u00f3n en Teleberri de EITB de la Sinfon\u00eda Vitoria-Gasteiz compuesta para conmemorar el 50 Aniversario de la Fundaci\u00f3n Laboral San Prudencio.","og_url":"https:\/\/www.lafundacion.com\/eu\/portfolio-item\/teleberri-eitbren-berria-2019ko-martxoak-31-la-fundacion-san-prudencio-vitoria-gasteiz-sinfonia\/","og_site_name":"La Fundaci\u00f3n San Prudencio","article_modified_time":"2020-11-05T11:10:24+00:00","og_image":[{"width":480,"height":272,"url":"https:\/\/www.lafundacion.com\/wp-content\/uploads\/2020\/05\/video19-1.jpg","type":"image\/jpeg"}],"twitter_card":"summary_large_image","schema":{"@context":"https:\/\/schema.org","@graph":[{"@type":"WebPage","@id":"https:\/\/www.lafundacion.com\/eu\/portfolio-item\/teleberri-eitbren-berria-2019ko-martxoak-31-la-fundacion-san-prudencio-vitoria-gasteiz-sinfonia\/","url":"https:\/\/www.lafundacion.com\/eu\/portfolio-item\/teleberri-eitbren-berria-2019ko-martxoak-31-la-fundacion-san-prudencio-vitoria-gasteiz-sinfonia\/","name":"Teleberri EITBren berria, 2019ko martxoak 31 - La Fundaci\u00f3n San Prudencio Vitoria-Gasteiz Sinfonia &#187; La Fundaci\u00f3n San Prudencio","isPartOf":{"@id":"https:\/\/www.lafundacion.com\/eu\/#website"},"primaryImageOfPage":{"@id":"https:\/\/www.lafundacion.com\/eu\/portfolio-item\/teleberri-eitbren-berria-2019ko-martxoak-31-la-fundacion-san-prudencio-vitoria-gasteiz-sinfonia\/#primaryimage"},"image":{"@id":"https:\/\/www.lafundacion.com\/eu\/portfolio-item\/teleberri-eitbren-berria-2019ko-martxoak-31-la-fundacion-san-prudencio-vitoria-gasteiz-sinfonia\/#primaryimage"},"thumbnailUrl":"https:\/\/www.lafundacion.com\/wp-content\/uploads\/2020\/05\/video19-1.jpg","datePublished":"2019-04-01T15:10:52+00:00","dateModified":"2020-11-05T11:10:24+00:00","breadcrumb":{"@id":"https:\/\/www.lafundacion.com\/eu\/portfolio-item\/teleberri-eitbren-berria-2019ko-martxoak-31-la-fundacion-san-prudencio-vitoria-gasteiz-sinfonia\/#breadcrumb"},"inLanguage":"eu-ES","potentialAction":[{"@type":"ReadAction","target":["https:\/\/www.lafundacion.com\/eu\/portfolio-item\/teleberri-eitbren-berria-2019ko-martxoak-31-la-fundacion-san-prudencio-vitoria-gasteiz-sinfonia\/"]}]},{"@type":"ImageObject","inLanguage":"eu-ES","@id":"https:\/\/www.lafundacion.com\/eu\/portfolio-item\/teleberri-eitbren-berria-2019ko-martxoak-31-la-fundacion-san-prudencio-vitoria-gasteiz-sinfonia\/#primaryimage","url":"https:\/\/www.lafundacion.com\/wp-content\/uploads\/2020\/05\/video19-1.jpg","contentUrl":"https:\/\/www.lafundacion.com\/wp-content\/uploads\/2020\/05\/video19-1.jpg","width":480,"height":272},{"@type":"BreadcrumbList","@id":"https:\/\/www.lafundacion.com\/eu\/portfolio-item\/teleberri-eitbren-berria-2019ko-martxoak-31-la-fundacion-san-prudencio-vitoria-gasteiz-sinfonia\/#breadcrumb","itemListElement":[{"@type":"ListItem","position":1,"name":"Portada","item":"https:\/\/www.lafundacion.com\/eu\/hasiera\/"},{"@type":"ListItem","position":2,"name":"Teleberri EITBren berria, 2019ko martxoak 31 &#8211; La Fundaci\u00f3n San Prudencio Vitoria-Gasteiz Sinfonia"}]},{"@type":"WebSite","@id":"https:\/\/www.lafundacion.com\/eu\/#website","url":"https:\/\/www.lafundacion.com\/eu\/","name":"La Fundaci\u00f3n San Prudencio","description":"La Fundaci\u00f3n Laboral San Prudencio en Vitoria-Gasteiz","publisher":{"@id":"https:\/\/www.lafundacion.com\/eu\/#organization"},"potentialAction":[{"@type":"SearchAction","target":{"@type":"EntryPoint","urlTemplate":"https:\/\/www.lafundacion.com\/eu\/?s={search_term_string}"},"query-input":{"@type":"PropertyValueSpecification","valueRequired":true,"valueName":"search_term_string"}}],"inLanguage":"eu-ES"},{"@type":"Organization","@id":"https:\/\/www.lafundacion.com\/eu\/#organization","name":"La Fundaci\u00f3n San Prudencio","url":"https:\/\/www.lafundacion.com\/eu\/","logo":{"@type":"ImageObject","inLanguage":"eu-ES","@id":"https:\/\/www.lafundacion.com\/eu\/#\/schema\/logo\/image\/","url":"https:\/\/www.lafundacion.com\/wp-content\/uploads\/2020\/03\/logo-la-fundacion.png","contentUrl":"https:\/\/www.lafundacion.com\/wp-content\/uploads\/2020\/03\/logo-la-fundacion.png","width":323,"height":129,"caption":"La Fundaci\u00f3n San Prudencio"},"image":{"@id":"https:\/\/www.lafundacion.com\/eu\/#\/schema\/logo\/image\/"}}]}},"_links":{"self":[{"href":"https:\/\/www.lafundacion.com\/eu\/wp-json\/wp\/v2\/portfolio\/11446","targetHints":{"allow":["GET"]}}],"collection":[{"href":"https:\/\/www.lafundacion.com\/eu\/wp-json\/wp\/v2\/portfolio"}],"about":[{"href":"https:\/\/www.lafundacion.com\/eu\/wp-json\/wp\/v2\/types\/portfolio"}],"author":[{"embeddable":true,"href":"https:\/\/www.lafundacion.com\/eu\/wp-json\/wp\/v2\/users\/1"}],"replies":[{"embeddable":true,"href":"https:\/\/www.lafundacion.com\/eu\/wp-json\/wp\/v2\/comments?post=11446"}],"version-history":[{"count":1,"href":"https:\/\/www.lafundacion.com\/eu\/wp-json\/wp\/v2\/portfolio\/11446\/revisions"}],"predecessor-version":[{"id":11447,"href":"https:\/\/www.lafundacion.com\/eu\/wp-json\/wp\/v2\/portfolio\/11446\/revisions\/11447"}],"wp:featuredmedia":[{"embeddable":true,"href":"https:\/\/www.lafundacion.com\/eu\/wp-json\/wp\/v2\/media\/5552"}],"wp:attachment":[{"href":"https:\/\/www.lafundacion.com\/eu\/wp-json\/wp\/v2\/media?parent=11446"}],"wp:term":[{"taxonomy":"post_tag","embeddable":true,"href":"https:\/\/www.lafundacion.com\/eu\/wp-json\/wp\/v2\/tags?post=11446"},{"taxonomy":"portfolio_entries","embeddable":true,"href":"https:\/\/www.lafundacion.com\/eu\/wp-json\/wp\/v2\/portfolio_entries?post=11446"}],"curies":[{"name":"wp","href":"https:\/\/api.w.org\/{rel}","templated":true}]}}

Teleberri EITBren berria, 2019ko martxoak 31 &#8211; La Fundación San Prudencio Vitoria-Gasteiz Sinfonia

<p>Aparición en   Teleberri de EITB de la Sinfonía Vitoria-Gasteiz compuesta para conmemorar el   50 Aniversario de la Fundación Laboral San Prudencio.</p>

<p>Aparición en Teleberri de EITB de la Sinfonía Vitoria-Gasteiz compuesta para conmemorar el 50 Aniversario de la Fundación Laboral San Prudencio.</p>

<!-- This site is optimized with the Yoast SEO plugin v27.5 - https://yoast.com/product/yoast-seo-wordpress/ -->
<title>Teleberri EITBren berria, 2019ko martxoak 31 - La Fundación San Prudencio Vitoria-Gasteiz Sinfonia &#187; La Fundación San Prudencio</title>
<meta name="robots" content="noindex, follow" />
<meta property="og:locale" content="eu_ES" />
<meta property="og:type" content="article" />
<meta property="og:title" content="Teleberri EITBren berria, 2019ko martxoak 31 - La Fundación San Prudencio Vitoria-Gasteiz Sinfonia &#187; La Fundación San Prudencio" />
<meta property="og:description" content="Aparición en Teleberri de EITB de la Sinfonía Vitoria-Gasteiz compuesta para conmemorar el 50 Aniversario de la Fundación Laboral San Prudencio." />
<meta property="og:url" content="https://www.lafundacion.com/eu/portfolio-item/teleberri-eitbren-berria-2019ko-martxoak-31-la-fundacion-san-prudencio-vitoria-gasteiz-sinfonia/" />
<meta property="og:site_name" content="La Fundación San Prudencio" />
<meta property="article:modified_time" content="2020-11-05T11:10:24+00:00" />
<meta property="og:image" content="https://www.lafundacion.com/wp-content/uploads/2020/05/video19-1.jpg" />
	<meta property="og:image:width" content="480" />
	<meta property="og:image:height" content="272" />
	<meta property="og:image:type" content="image/jpeg" />
<meta name="twitter:card" content="summary_large_image" />
<script type="application/ld+json" class="yoast-schema-graph">{"@context":"https:\/\/schema.org","@graph":[{"@type":"WebPage","@id":"https:\/\/www.lafundacion.com\/eu\/portfolio-item\/teleberri-eitbren-berria-2019ko-martxoak-31-la-fundacion-san-prudencio-vitoria-gasteiz-sinfonia\/","url":"https:\/\/www.lafundacion.com\/eu\/portfolio-item\/teleberri-eitbren-berria-2019ko-martxoak-31-la-fundacion-san-prudencio-vitoria-gasteiz-sinfonia\/","name":"Teleberri EITBren berria, 2019ko martxoak 31 - La Fundación San Prudencio Vitoria-Gasteiz Sinfonia &#187; La Fundación San Prudencio","isPartOf":{"@id":"https:\/\/www.lafundacion.com\/eu\/#website"},"primaryImageOfPage":{"@id":"https:\/\/www.lafundacion.com\/eu\/portfolio-item\/teleberri-eitbren-berria-2019ko-martxoak-31-la-fundacion-san-prudencio-vitoria-gasteiz-sinfonia\/#primaryimage"},"image":{"@id":"https:\/\/www.lafundacion.com\/eu\/portfolio-item\/teleberri-eitbren-berria-2019ko-martxoak-31-la-fundacion-san-prudencio-vitoria-gasteiz-sinfonia\/#primaryimage"},"thumbnailUrl":"https:\/\/www.lafundacion.com\/wp-content\/uploads\/2020\/05\/video19-1.jpg","datePublished":"2019-04-01T15:10:52+00:00","dateModified":"2020-11-05T11:10:24+00:00","breadcrumb":{"@id":"https:\/\/www.lafundacion.com\/eu\/portfolio-item\/teleberri-eitbren-berria-2019ko-martxoak-31-la-fundacion-san-prudencio-vitoria-gasteiz-sinfonia\/#breadcrumb"},"inLanguage":"eu-ES","potentialAction":[{"@type":"ReadAction","target":["https:\/\/www.lafundacion.com\/eu\/portfolio-item\/teleberri-eitbren-berria-2019ko-martxoak-31-la-fundacion-san-prudencio-vitoria-gasteiz-sinfonia\/"]}]},{"@type":"ImageObject","inLanguage":"eu-ES","@id":"https:\/\/www.lafundacion.com\/eu\/portfolio-item\/teleberri-eitbren-berria-2019ko-martxoak-31-la-fundacion-san-prudencio-vitoria-gasteiz-sinfonia\/#primaryimage","url":"https:\/\/www.lafundacion.com\/wp-content\/uploads\/2020\/05\/video19-1.jpg","contentUrl":"https:\/\/www.lafundacion.com\/wp-content\/uploads\/2020\/05\/video19-1.jpg","width":480,"height":272},{"@type":"BreadcrumbList","@id":"https:\/\/www.lafundacion.com\/eu\/portfolio-item\/teleberri-eitbren-berria-2019ko-martxoak-31-la-fundacion-san-prudencio-vitoria-gasteiz-sinfonia\/#breadcrumb","itemListElement":[{"@type":"ListItem","position":1,"name":"Portada","item":"https:\/\/www.lafundacion.com\/eu\/hasiera\/"},{"@type":"ListItem","position":2,"name":"Teleberri EITBren berria, 2019ko martxoak 31 &#8211; La Fundación San Prudencio Vitoria-Gasteiz Sinfonia"}]},{"@type":"WebSite","@id":"https:\/\/www.lafundacion.com\/eu\/#website","url":"https:\/\/www.lafundacion.com\/eu\/","name":"La Fundación San Prudencio","description":"La Fundación Laboral San Prudencio en Vitoria-Gasteiz","publisher":{"@id":"https:\/\/www.lafundacion.com\/eu\/#organization"},"potentialAction":[{"@type":"SearchAction","target":{"@type":"EntryPoint","urlTemplate":"https:\/\/www.lafundacion.com\/eu\/?s={search_term_string}"},"query-input":{"@type":"PropertyValueSpecification","valueRequired":true,"valueName":"search_term_string"}}],"inLanguage":"eu-ES"},{"@type":"Organization","@id":"https:\/\/www.lafundacion.com\/eu\/#organization","name":"La Fundación San Prudencio","url":"https:\/\/www.lafundacion.com\/eu\/","logo":{"@type":"ImageObject","inLanguage":"eu-ES","@id":"https:\/\/www.lafundacion.com\/eu\/#\/schema\/logo\/image\/","url":"https:\/\/www.lafundacion.com\/wp-content\/uploads\/2020\/03\/logo-la-fundacion.png","contentUrl":"https:\/\/www.lafundacion.com\/wp-content\/uploads\/2020\/03\/logo-la-fundacion.png","width":323,"height":129,"caption":"La Fundación San Prudencio"},"image":{"@id":"https:\/\/www.lafundacion.com\/eu\/#\/schema\/logo\/image\/"}}]}</script>
<!-- / Yoast SEO plugin. -->

Teleberri EITBren berria, 2019ko martxoak 31 - La Fundación San Prudencio Vitoria-Gasteiz Sinfonia &#187; La Fundación San Prudencio

Aparición en Teleberri de EITB de la Sinfonía Vitoria-Gasteiz compuesta para conmemorar el 50 Aniversario de la Fundación Laboral San Prudencio.

La Fundación San Prudencio

La Fundación Laboral San Prudencio en Vitoria-Gasteiz
