{"id":11424,"date":"2019-05-15T17:03:00","date_gmt":"2019-05-15T15:03:00","guid":{"rendered":"https:\/\/www.lafundacion.com\/portfolio-item\/la-fundacion-san-prudencioren-vitoria-gasteiz-sinfoniaren-estreinaldia-euskarazko-azpitituluak\/"},"modified":"2020-11-05T12:04:30","modified_gmt":"2020-11-05T11:04:30","slug":"la-fundacion-san-prudencioren-vitoria-gasteiz-sinfoniaren-estreinaldia-euskarazko-azpitituluak","status":"publish","type":"portfolio","link":"https:\/\/www.lafundacion.com\/eu\/portfolio-item\/la-fundacion-san-prudencioren-vitoria-gasteiz-sinfoniaren-estreinaldia-euskarazko-azpitituluak\/","title":{"rendered":"La Fundaci\u00f3n San Prudencioren Vitoria-Gasteiz Sinfoniaren estreinaldia -Euskarazko azpitituluak"},"content":{"rendered":"\n<p>Estreno de la   Sinfon\u00eda Vitoria-Gasteiz, Compuesta para conmemorar el 50 Aniversario de la   Fundaci\u00f3n Laboral San Prudencio en el Teatro Principal el d\u00eda 4 de abril de   2019.<\/p>\n","protected":false},"excerpt":{"rendered":"<p>Estreno de la Sinfon\u00eda Vitoria-Gasteiz, Compuesta para conmemorar el 50 Aniversario de la Fundaci\u00f3n Laboral San Prudencio en el Teatro Principal el d\u00eda 4 de abril de 2019.<\/p>\n","protected":false},"author":1,"featured_media":5534,"comment_status":"closed","ping_status":"closed","template":"","meta":{"_acf_changed":false,"footnotes":""},"tags":[],"portfolio_entries":[70],"class_list":["post-11424","portfolio","type-portfolio","status-publish","has-post-thumbnail","hentry","portfolio_entries-50-urteurrena"],"acf":[],"yoast_head":"<!-- This site is optimized with the Yoast SEO plugin v27.5 - https:\/\/yoast.com\/product\/yoast-seo-wordpress\/ -->\r\n<title>La Fundaci\u00f3n San Prudencioren Vitoria-Gasteiz Sinfoniaren estreinaldia -Euskarazko azpitituluak &#187; La Fundaci\u00f3n San Prudencio<\/title>\r\n<meta name=\"robots\" content=\"noindex, follow\" \/>\r\n<meta property=\"og:locale\" content=\"eu_ES\" \/>\r\n<meta property=\"og:type\" content=\"article\" \/>\r\n<meta property=\"og:title\" content=\"La Fundaci\u00f3n San Prudencioren Vitoria-Gasteiz Sinfoniaren estreinaldia -Euskarazko azpitituluak &#187; La Fundaci\u00f3n San Prudencio\" \/>\r\n<meta property=\"og:description\" content=\"Estreno de la Sinfon\u00eda Vitoria-Gasteiz, Compuesta para conmemorar el 50 Aniversario de la Fundaci\u00f3n Laboral San Prudencio en el Teatro Principal el d\u00eda 4 de abril de 2019.\" \/>\r\n<meta property=\"og:url\" content=\"https:\/\/www.lafundacion.com\/eu\/portfolio-item\/la-fundacion-san-prudencioren-vitoria-gasteiz-sinfoniaren-estreinaldia-euskarazko-azpitituluak\/\" \/>\r\n<meta property=\"og:site_name\" content=\"La Fundaci\u00f3n San Prudencio\" \/>\r\n<meta property=\"article:modified_time\" content=\"2020-11-05T11:04:30+00:00\" \/>\r\n<meta property=\"og:image\" content=\"https:\/\/www.lafundacion.com\/wp-content\/uploads\/2020\/05\/video10.jpg\" \/>\r\n\t<meta property=\"og:image:width\" content=\"480\" \/>\r\n\t<meta property=\"og:image:height\" content=\"272\" \/>\r\n\t<meta property=\"og:image:type\" content=\"image\/jpeg\" \/>\r\n<meta name=\"twitter:card\" content=\"summary_large_image\" \/>\r\n<script type=\"application\/ld+json\" class=\"yoast-schema-graph\">{\"@context\":\"https:\\\/\\\/schema.org\",\"@graph\":[{\"@type\":\"WebPage\",\"@id\":\"https:\\\/\\\/www.lafundacion.com\\\/eu\\\/portfolio-item\\\/la-fundacion-san-prudencioren-vitoria-gasteiz-sinfoniaren-estreinaldia-euskarazko-azpitituluak\\\/\",\"url\":\"https:\\\/\\\/www.lafundacion.com\\\/eu\\\/portfolio-item\\\/la-fundacion-san-prudencioren-vitoria-gasteiz-sinfoniaren-estreinaldia-euskarazko-azpitituluak\\\/\",\"name\":\"La Fundaci\u00f3n San Prudencioren Vitoria-Gasteiz Sinfoniaren estreinaldia -Euskarazko azpitituluak &#187; La Fundaci\u00f3n San Prudencio\",\"isPartOf\":{\"@id\":\"https:\\\/\\\/www.lafundacion.com\\\/eu\\\/#website\"},\"primaryImageOfPage\":{\"@id\":\"https:\\\/\\\/www.lafundacion.com\\\/eu\\\/portfolio-item\\\/la-fundacion-san-prudencioren-vitoria-gasteiz-sinfoniaren-estreinaldia-euskarazko-azpitituluak\\\/#primaryimage\"},\"image\":{\"@id\":\"https:\\\/\\\/www.lafundacion.com\\\/eu\\\/portfolio-item\\\/la-fundacion-san-prudencioren-vitoria-gasteiz-sinfoniaren-estreinaldia-euskarazko-azpitituluak\\\/#primaryimage\"},\"thumbnailUrl\":\"https:\\\/\\\/www.lafundacion.com\\\/wp-content\\\/uploads\\\/2020\\\/05\\\/video10.jpg\",\"datePublished\":\"2019-05-15T15:03:00+00:00\",\"dateModified\":\"2020-11-05T11:04:30+00:00\",\"breadcrumb\":{\"@id\":\"https:\\\/\\\/www.lafundacion.com\\\/eu\\\/portfolio-item\\\/la-fundacion-san-prudencioren-vitoria-gasteiz-sinfoniaren-estreinaldia-euskarazko-azpitituluak\\\/#breadcrumb\"},\"inLanguage\":\"eu-ES\",\"potentialAction\":[{\"@type\":\"ReadAction\",\"target\":[\"https:\\\/\\\/www.lafundacion.com\\\/eu\\\/portfolio-item\\\/la-fundacion-san-prudencioren-vitoria-gasteiz-sinfoniaren-estreinaldia-euskarazko-azpitituluak\\\/\"]}]},{\"@type\":\"ImageObject\",\"inLanguage\":\"eu-ES\",\"@id\":\"https:\\\/\\\/www.lafundacion.com\\\/eu\\\/portfolio-item\\\/la-fundacion-san-prudencioren-vitoria-gasteiz-sinfoniaren-estreinaldia-euskarazko-azpitituluak\\\/#primaryimage\",\"url\":\"https:\\\/\\\/www.lafundacion.com\\\/wp-content\\\/uploads\\\/2020\\\/05\\\/video10.jpg\",\"contentUrl\":\"https:\\\/\\\/www.lafundacion.com\\\/wp-content\\\/uploads\\\/2020\\\/05\\\/video10.jpg\",\"width\":480,\"height\":272},{\"@type\":\"BreadcrumbList\",\"@id\":\"https:\\\/\\\/www.lafundacion.com\\\/eu\\\/portfolio-item\\\/la-fundacion-san-prudencioren-vitoria-gasteiz-sinfoniaren-estreinaldia-euskarazko-azpitituluak\\\/#breadcrumb\",\"itemListElement\":[{\"@type\":\"ListItem\",\"position\":1,\"name\":\"Portada\",\"item\":\"https:\\\/\\\/www.lafundacion.com\\\/eu\\\/hasiera\\\/\"},{\"@type\":\"ListItem\",\"position\":2,\"name\":\"La Fundaci\u00f3n San Prudencioren Vitoria-Gasteiz Sinfoniaren estreinaldia -Euskarazko azpitituluak\"}]},{\"@type\":\"WebSite\",\"@id\":\"https:\\\/\\\/www.lafundacion.com\\\/eu\\\/#website\",\"url\":\"https:\\\/\\\/www.lafundacion.com\\\/eu\\\/\",\"name\":\"La Fundaci\u00f3n San Prudencio\",\"description\":\"La Fundaci\u00f3n Laboral San Prudencio en Vitoria-Gasteiz\",\"publisher\":{\"@id\":\"https:\\\/\\\/www.lafundacion.com\\\/eu\\\/#organization\"},\"potentialAction\":[{\"@type\":\"SearchAction\",\"target\":{\"@type\":\"EntryPoint\",\"urlTemplate\":\"https:\\\/\\\/www.lafundacion.com\\\/eu\\\/?s={search_term_string}\"},\"query-input\":{\"@type\":\"PropertyValueSpecification\",\"valueRequired\":true,\"valueName\":\"search_term_string\"}}],\"inLanguage\":\"eu-ES\"},{\"@type\":\"Organization\",\"@id\":\"https:\\\/\\\/www.lafundacion.com\\\/eu\\\/#organization\",\"name\":\"La Fundaci\u00f3n San Prudencio\",\"url\":\"https:\\\/\\\/www.lafundacion.com\\\/eu\\\/\",\"logo\":{\"@type\":\"ImageObject\",\"inLanguage\":\"eu-ES\",\"@id\":\"https:\\\/\\\/www.lafundacion.com\\\/eu\\\/#\\\/schema\\\/logo\\\/image\\\/\",\"url\":\"https:\\\/\\\/www.lafundacion.com\\\/wp-content\\\/uploads\\\/2020\\\/03\\\/logo-la-fundacion.png\",\"contentUrl\":\"https:\\\/\\\/www.lafundacion.com\\\/wp-content\\\/uploads\\\/2020\\\/03\\\/logo-la-fundacion.png\",\"width\":323,\"height\":129,\"caption\":\"La Fundaci\u00f3n San Prudencio\"},\"image\":{\"@id\":\"https:\\\/\\\/www.lafundacion.com\\\/eu\\\/#\\\/schema\\\/logo\\\/image\\\/\"}}]}<\/script>\r\n<!-- \/ Yoast SEO plugin. -->","yoast_head_json":{"title":"La Fundaci\u00f3n San Prudencioren Vitoria-Gasteiz Sinfoniaren estreinaldia -Euskarazko azpitituluak &#187; La Fundaci\u00f3n San Prudencio","robots":{"index":"noindex","follow":"follow"},"og_locale":"eu_ES","og_type":"article","og_title":"La Fundaci\u00f3n San Prudencioren Vitoria-Gasteiz Sinfoniaren estreinaldia -Euskarazko azpitituluak &#187; La Fundaci\u00f3n San Prudencio","og_description":"Estreno de la Sinfon\u00eda Vitoria-Gasteiz, Compuesta para conmemorar el 50 Aniversario de la Fundaci\u00f3n Laboral San Prudencio en el Teatro Principal el d\u00eda 4 de abril de 2019.","og_url":"https:\/\/www.lafundacion.com\/eu\/portfolio-item\/la-fundacion-san-prudencioren-vitoria-gasteiz-sinfoniaren-estreinaldia-euskarazko-azpitituluak\/","og_site_name":"La Fundaci\u00f3n San Prudencio","article_modified_time":"2020-11-05T11:04:30+00:00","og_image":[{"width":480,"height":272,"url":"https:\/\/www.lafundacion.com\/wp-content\/uploads\/2020\/05\/video10.jpg","type":"image\/jpeg"}],"twitter_card":"summary_large_image","schema":{"@context":"https:\/\/schema.org","@graph":[{"@type":"WebPage","@id":"https:\/\/www.lafundacion.com\/eu\/portfolio-item\/la-fundacion-san-prudencioren-vitoria-gasteiz-sinfoniaren-estreinaldia-euskarazko-azpitituluak\/","url":"https:\/\/www.lafundacion.com\/eu\/portfolio-item\/la-fundacion-san-prudencioren-vitoria-gasteiz-sinfoniaren-estreinaldia-euskarazko-azpitituluak\/","name":"La Fundaci\u00f3n San Prudencioren Vitoria-Gasteiz Sinfoniaren estreinaldia -Euskarazko azpitituluak &#187; La Fundaci\u00f3n San Prudencio","isPartOf":{"@id":"https:\/\/www.lafundacion.com\/eu\/#website"},"primaryImageOfPage":{"@id":"https:\/\/www.lafundacion.com\/eu\/portfolio-item\/la-fundacion-san-prudencioren-vitoria-gasteiz-sinfoniaren-estreinaldia-euskarazko-azpitituluak\/#primaryimage"},"image":{"@id":"https:\/\/www.lafundacion.com\/eu\/portfolio-item\/la-fundacion-san-prudencioren-vitoria-gasteiz-sinfoniaren-estreinaldia-euskarazko-azpitituluak\/#primaryimage"},"thumbnailUrl":"https:\/\/www.lafundacion.com\/wp-content\/uploads\/2020\/05\/video10.jpg","datePublished":"2019-05-15T15:03:00+00:00","dateModified":"2020-11-05T11:04:30+00:00","breadcrumb":{"@id":"https:\/\/www.lafundacion.com\/eu\/portfolio-item\/la-fundacion-san-prudencioren-vitoria-gasteiz-sinfoniaren-estreinaldia-euskarazko-azpitituluak\/#breadcrumb"},"inLanguage":"eu-ES","potentialAction":[{"@type":"ReadAction","target":["https:\/\/www.lafundacion.com\/eu\/portfolio-item\/la-fundacion-san-prudencioren-vitoria-gasteiz-sinfoniaren-estreinaldia-euskarazko-azpitituluak\/"]}]},{"@type":"ImageObject","inLanguage":"eu-ES","@id":"https:\/\/www.lafundacion.com\/eu\/portfolio-item\/la-fundacion-san-prudencioren-vitoria-gasteiz-sinfoniaren-estreinaldia-euskarazko-azpitituluak\/#primaryimage","url":"https:\/\/www.lafundacion.com\/wp-content\/uploads\/2020\/05\/video10.jpg","contentUrl":"https:\/\/www.lafundacion.com\/wp-content\/uploads\/2020\/05\/video10.jpg","width":480,"height":272},{"@type":"BreadcrumbList","@id":"https:\/\/www.lafundacion.com\/eu\/portfolio-item\/la-fundacion-san-prudencioren-vitoria-gasteiz-sinfoniaren-estreinaldia-euskarazko-azpitituluak\/#breadcrumb","itemListElement":[{"@type":"ListItem","position":1,"name":"Portada","item":"https:\/\/www.lafundacion.com\/eu\/hasiera\/"},{"@type":"ListItem","position":2,"name":"La Fundaci\u00f3n San Prudencioren Vitoria-Gasteiz Sinfoniaren estreinaldia -Euskarazko azpitituluak"}]},{"@type":"WebSite","@id":"https:\/\/www.lafundacion.com\/eu\/#website","url":"https:\/\/www.lafundacion.com\/eu\/","name":"La Fundaci\u00f3n San Prudencio","description":"La Fundaci\u00f3n Laboral San Prudencio en Vitoria-Gasteiz","publisher":{"@id":"https:\/\/www.lafundacion.com\/eu\/#organization"},"potentialAction":[{"@type":"SearchAction","target":{"@type":"EntryPoint","urlTemplate":"https:\/\/www.lafundacion.com\/eu\/?s={search_term_string}"},"query-input":{"@type":"PropertyValueSpecification","valueRequired":true,"valueName":"search_term_string"}}],"inLanguage":"eu-ES"},{"@type":"Organization","@id":"https:\/\/www.lafundacion.com\/eu\/#organization","name":"La Fundaci\u00f3n San Prudencio","url":"https:\/\/www.lafundacion.com\/eu\/","logo":{"@type":"ImageObject","inLanguage":"eu-ES","@id":"https:\/\/www.lafundacion.com\/eu\/#\/schema\/logo\/image\/","url":"https:\/\/www.lafundacion.com\/wp-content\/uploads\/2020\/03\/logo-la-fundacion.png","contentUrl":"https:\/\/www.lafundacion.com\/wp-content\/uploads\/2020\/03\/logo-la-fundacion.png","width":323,"height":129,"caption":"La Fundaci\u00f3n San Prudencio"},"image":{"@id":"https:\/\/www.lafundacion.com\/eu\/#\/schema\/logo\/image\/"}}]}},"_links":{"self":[{"href":"https:\/\/www.lafundacion.com\/eu\/wp-json\/wp\/v2\/portfolio\/11424","targetHints":{"allow":["GET"]}}],"collection":[{"href":"https:\/\/www.lafundacion.com\/eu\/wp-json\/wp\/v2\/portfolio"}],"about":[{"href":"https:\/\/www.lafundacion.com\/eu\/wp-json\/wp\/v2\/types\/portfolio"}],"author":[{"embeddable":true,"href":"https:\/\/www.lafundacion.com\/eu\/wp-json\/wp\/v2\/users\/1"}],"replies":[{"embeddable":true,"href":"https:\/\/www.lafundacion.com\/eu\/wp-json\/wp\/v2\/comments?post=11424"}],"version-history":[{"count":1,"href":"https:\/\/www.lafundacion.com\/eu\/wp-json\/wp\/v2\/portfolio\/11424\/revisions"}],"predecessor-version":[{"id":11425,"href":"https:\/\/www.lafundacion.com\/eu\/wp-json\/wp\/v2\/portfolio\/11424\/revisions\/11425"}],"wp:featuredmedia":[{"embeddable":true,"href":"https:\/\/www.lafundacion.com\/eu\/wp-json\/wp\/v2\/media\/5534"}],"wp:attachment":[{"href":"https:\/\/www.lafundacion.com\/eu\/wp-json\/wp\/v2\/media?parent=11424"}],"wp:term":[{"taxonomy":"post_tag","embeddable":true,"href":"https:\/\/www.lafundacion.com\/eu\/wp-json\/wp\/v2\/tags?post=11424"},{"taxonomy":"portfolio_entries","embeddable":true,"href":"https:\/\/www.lafundacion.com\/eu\/wp-json\/wp\/v2\/portfolio_entries?post=11424"}],"curies":[{"name":"wp","href":"https:\/\/api.w.org\/{rel}","templated":true}]}}

La Fundación San Prudencioren Vitoria-Gasteiz Sinfoniaren estreinaldia -Euskarazko azpitituluak

<p>Estreno de la   Sinfonía Vitoria-Gasteiz, Compuesta para conmemorar el 50 Aniversario de la   Fundación Laboral San Prudencio en el Teatro Principal el día 4 de abril de   2019.</p>

<p>Estreno de la Sinfonía Vitoria-Gasteiz, Compuesta para conmemorar el 50 Aniversario de la Fundación Laboral San Prudencio en el Teatro Principal el día 4 de abril de 2019.</p>

<!-- This site is optimized with the Yoast SEO plugin v27.5 - https://yoast.com/product/yoast-seo-wordpress/ -->
<title>La Fundación San Prudencioren Vitoria-Gasteiz Sinfoniaren estreinaldia -Euskarazko azpitituluak &#187; La Fundación San Prudencio</title>
<meta name="robots" content="noindex, follow" />
<meta property="og:locale" content="eu_ES" />
<meta property="og:type" content="article" />
<meta property="og:title" content="La Fundación San Prudencioren Vitoria-Gasteiz Sinfoniaren estreinaldia -Euskarazko azpitituluak &#187; La Fundación San Prudencio" />
<meta property="og:description" content="Estreno de la Sinfonía Vitoria-Gasteiz, Compuesta para conmemorar el 50 Aniversario de la Fundación Laboral San Prudencio en el Teatro Principal el día 4 de abril de 2019." />
<meta property="og:url" content="https://www.lafundacion.com/eu/portfolio-item/la-fundacion-san-prudencioren-vitoria-gasteiz-sinfoniaren-estreinaldia-euskarazko-azpitituluak/" />
<meta property="og:site_name" content="La Fundación San Prudencio" />
<meta property="article:modified_time" content="2020-11-05T11:04:30+00:00" />
<meta property="og:image" content="https://www.lafundacion.com/wp-content/uploads/2020/05/video10.jpg" />
	<meta property="og:image:width" content="480" />
	<meta property="og:image:height" content="272" />
	<meta property="og:image:type" content="image/jpeg" />
<meta name="twitter:card" content="summary_large_image" />
<script type="application/ld+json" class="yoast-schema-graph">{"@context":"https:\/\/schema.org","@graph":[{"@type":"WebPage","@id":"https:\/\/www.lafundacion.com\/eu\/portfolio-item\/la-fundacion-san-prudencioren-vitoria-gasteiz-sinfoniaren-estreinaldia-euskarazko-azpitituluak\/","url":"https:\/\/www.lafundacion.com\/eu\/portfolio-item\/la-fundacion-san-prudencioren-vitoria-gasteiz-sinfoniaren-estreinaldia-euskarazko-azpitituluak\/","name":"La Fundación San Prudencioren Vitoria-Gasteiz Sinfoniaren estreinaldia -Euskarazko azpitituluak &#187; La Fundación San Prudencio","isPartOf":{"@id":"https:\/\/www.lafundacion.com\/eu\/#website"},"primaryImageOfPage":{"@id":"https:\/\/www.lafundacion.com\/eu\/portfolio-item\/la-fundacion-san-prudencioren-vitoria-gasteiz-sinfoniaren-estreinaldia-euskarazko-azpitituluak\/#primaryimage"},"image":{"@id":"https:\/\/www.lafundacion.com\/eu\/portfolio-item\/la-fundacion-san-prudencioren-vitoria-gasteiz-sinfoniaren-estreinaldia-euskarazko-azpitituluak\/#primaryimage"},"thumbnailUrl":"https:\/\/www.lafundacion.com\/wp-content\/uploads\/2020\/05\/video10.jpg","datePublished":"2019-05-15T15:03:00+00:00","dateModified":"2020-11-05T11:04:30+00:00","breadcrumb":{"@id":"https:\/\/www.lafundacion.com\/eu\/portfolio-item\/la-fundacion-san-prudencioren-vitoria-gasteiz-sinfoniaren-estreinaldia-euskarazko-azpitituluak\/#breadcrumb"},"inLanguage":"eu-ES","potentialAction":[{"@type":"ReadAction","target":["https:\/\/www.lafundacion.com\/eu\/portfolio-item\/la-fundacion-san-prudencioren-vitoria-gasteiz-sinfoniaren-estreinaldia-euskarazko-azpitituluak\/"]}]},{"@type":"ImageObject","inLanguage":"eu-ES","@id":"https:\/\/www.lafundacion.com\/eu\/portfolio-item\/la-fundacion-san-prudencioren-vitoria-gasteiz-sinfoniaren-estreinaldia-euskarazko-azpitituluak\/#primaryimage","url":"https:\/\/www.lafundacion.com\/wp-content\/uploads\/2020\/05\/video10.jpg","contentUrl":"https:\/\/www.lafundacion.com\/wp-content\/uploads\/2020\/05\/video10.jpg","width":480,"height":272},{"@type":"BreadcrumbList","@id":"https:\/\/www.lafundacion.com\/eu\/portfolio-item\/la-fundacion-san-prudencioren-vitoria-gasteiz-sinfoniaren-estreinaldia-euskarazko-azpitituluak\/#breadcrumb","itemListElement":[{"@type":"ListItem","position":1,"name":"Portada","item":"https:\/\/www.lafundacion.com\/eu\/hasiera\/"},{"@type":"ListItem","position":2,"name":"La Fundación San Prudencioren Vitoria-Gasteiz Sinfoniaren estreinaldia -Euskarazko azpitituluak"}]},{"@type":"WebSite","@id":"https:\/\/www.lafundacion.com\/eu\/#website","url":"https:\/\/www.lafundacion.com\/eu\/","name":"La Fundación San Prudencio","description":"La Fundación Laboral San Prudencio en Vitoria-Gasteiz","publisher":{"@id":"https:\/\/www.lafundacion.com\/eu\/#organization"},"potentialAction":[{"@type":"SearchAction","target":{"@type":"EntryPoint","urlTemplate":"https:\/\/www.lafundacion.com\/eu\/?s={search_term_string}"},"query-input":{"@type":"PropertyValueSpecification","valueRequired":true,"valueName":"search_term_string"}}],"inLanguage":"eu-ES"},{"@type":"Organization","@id":"https:\/\/www.lafundacion.com\/eu\/#organization","name":"La Fundación San Prudencio","url":"https:\/\/www.lafundacion.com\/eu\/","logo":{"@type":"ImageObject","inLanguage":"eu-ES","@id":"https:\/\/www.lafundacion.com\/eu\/#\/schema\/logo\/image\/","url":"https:\/\/www.lafundacion.com\/wp-content\/uploads\/2020\/03\/logo-la-fundacion.png","contentUrl":"https:\/\/www.lafundacion.com\/wp-content\/uploads\/2020\/03\/logo-la-fundacion.png","width":323,"height":129,"caption":"La Fundación San Prudencio"},"image":{"@id":"https:\/\/www.lafundacion.com\/eu\/#\/schema\/logo\/image\/"}}]}</script>
<!-- / Yoast SEO plugin. -->

La Fundación San Prudencioren Vitoria-Gasteiz Sinfoniaren estreinaldia -Euskarazko azpitituluak &#187; La Fundación San Prudencio

Estreno de la Sinfonía Vitoria-Gasteiz, Compuesta para conmemorar el 50 Aniversario de la Fundación Laboral San Prudencio en el Teatro Principal el día 4 de abril de 2019.

La Fundación San Prudencio

La Fundación Laboral San Prudencio en Vitoria-Gasteiz
