{"id":11418,"date":"2019-01-14T17:14:15","date_gmt":"2019-01-14T16:14:15","guid":{"rendered":"https:\/\/www.lafundacion.com\/portfolio-item\/errege-magoak-2019\/"},"modified":"2020-11-05T12:01:22","modified_gmt":"2020-11-05T11:01:22","slug":"errege-magoak-2019","status":"publish","type":"portfolio","link":"https:\/\/www.lafundacion.com\/eu\/portfolio-item\/errege-magoak-2019\/","title":{"rendered":"Errege Magoak 2019"},"content":{"rendered":"\n<p>Un a\u00f1o m\u00e1s, los   Reyes Magos acudieron a su cita con los ni\u00f1os y ni\u00f1as de La Fundaci\u00f3n el   pasado d\u00eda 4 de enero en el Edificio Opera de Vitoria-Gasteiz. Los peques   all\u00ed congregados tuvieron la oportunidad de entregarles las cartas con sus   peticiones de \u00faltima hora. Fueron m\u00e1s de 1.400 ni\u00f1os\/as los que charlaron con   sus Majestades antes de que visitaran sus casas la noche siguiente.<\/p>\n","protected":false},"excerpt":{"rendered":"<p>Un a\u00f1o m\u00e1s, los Reyes Magos acudieron a su cita con los ni\u00f1os y ni\u00f1as de La Fundaci\u00f3n el pasado d\u00eda 4 de enero en el Edificio Opera de Vitoria-Gasteiz. Los peques all\u00ed congregados tuvieron la oportunidad de entregarles las cartas con sus peticiones de \u00faltima hora. Fueron m\u00e1s de 1.400 ni\u00f1os\/as los que charlaron [&hellip;]<\/p>\n","protected":false},"author":1,"featured_media":5560,"comment_status":"closed","ping_status":"closed","template":"","meta":{"_acf_changed":false,"footnotes":""},"tags":[],"portfolio_entries":[69],"class_list":["post-11418","portfolio","type-portfolio","status-publish","has-post-thumbnail","hentry","portfolio_entries-ekitaldiak"],"acf":[],"yoast_head":"<!-- This site is optimized with the Yoast SEO plugin v27.5 - https:\/\/yoast.com\/product\/yoast-seo-wordpress\/ -->\r\n<title>Errege Magoak 2019 &#187; La Fundaci\u00f3n San Prudencio<\/title>\r\n<meta name=\"robots\" content=\"noindex, follow\" \/>\r\n<meta property=\"og:locale\" content=\"eu_ES\" \/>\r\n<meta property=\"og:type\" content=\"article\" \/>\r\n<meta property=\"og:title\" content=\"Errege Magoak 2019 &#187; La Fundaci\u00f3n San Prudencio\" \/>\r\n<meta property=\"og:description\" content=\"Un a\u00f1o m\u00e1s, los Reyes Magos acudieron a su cita con los ni\u00f1os y ni\u00f1as de La Fundaci\u00f3n el pasado d\u00eda 4 de enero en el Edificio Opera de Vitoria-Gasteiz. Los peques all\u00ed congregados tuvieron la oportunidad de entregarles las cartas con sus peticiones de \u00faltima hora. Fueron m\u00e1s de 1.400 ni\u00f1os\/as los que charlaron [&hellip;]\" \/>\r\n<meta property=\"og:url\" content=\"https:\/\/www.lafundacion.com\/eu\/portfolio-item\/errege-magoak-2019\/\" \/>\r\n<meta property=\"og:site_name\" content=\"La Fundaci\u00f3n San Prudencio\" \/>\r\n<meta property=\"article:modified_time\" content=\"2020-11-05T11:01:22+00:00\" \/>\r\n<meta property=\"og:image\" content=\"https:\/\/www.lafundacion.com\/wp-content\/uploads\/2020\/05\/video23-1.jpg\" \/>\r\n\t<meta property=\"og:image:width\" content=\"480\" \/>\r\n\t<meta property=\"og:image:height\" content=\"272\" \/>\r\n\t<meta property=\"og:image:type\" content=\"image\/jpeg\" \/>\r\n<meta name=\"twitter:card\" content=\"summary_large_image\" \/>\r\n<script type=\"application\/ld+json\" class=\"yoast-schema-graph\">{\"@context\":\"https:\\\/\\\/schema.org\",\"@graph\":[{\"@type\":\"WebPage\",\"@id\":\"https:\\\/\\\/www.lafundacion.com\\\/eu\\\/portfolio-item\\\/errege-magoak-2019\\\/\",\"url\":\"https:\\\/\\\/www.lafundacion.com\\\/eu\\\/portfolio-item\\\/errege-magoak-2019\\\/\",\"name\":\"Errege Magoak 2019 &#187; La Fundaci\u00f3n San Prudencio\",\"isPartOf\":{\"@id\":\"https:\\\/\\\/www.lafundacion.com\\\/eu\\\/#website\"},\"primaryImageOfPage\":{\"@id\":\"https:\\\/\\\/www.lafundacion.com\\\/eu\\\/portfolio-item\\\/errege-magoak-2019\\\/#primaryimage\"},\"image\":{\"@id\":\"https:\\\/\\\/www.lafundacion.com\\\/eu\\\/portfolio-item\\\/errege-magoak-2019\\\/#primaryimage\"},\"thumbnailUrl\":\"https:\\\/\\\/www.lafundacion.com\\\/wp-content\\\/uploads\\\/2020\\\/05\\\/video23-1.jpg\",\"datePublished\":\"2019-01-14T16:14:15+00:00\",\"dateModified\":\"2020-11-05T11:01:22+00:00\",\"breadcrumb\":{\"@id\":\"https:\\\/\\\/www.lafundacion.com\\\/eu\\\/portfolio-item\\\/errege-magoak-2019\\\/#breadcrumb\"},\"inLanguage\":\"eu-ES\",\"potentialAction\":[{\"@type\":\"ReadAction\",\"target\":[\"https:\\\/\\\/www.lafundacion.com\\\/eu\\\/portfolio-item\\\/errege-magoak-2019\\\/\"]}]},{\"@type\":\"ImageObject\",\"inLanguage\":\"eu-ES\",\"@id\":\"https:\\\/\\\/www.lafundacion.com\\\/eu\\\/portfolio-item\\\/errege-magoak-2019\\\/#primaryimage\",\"url\":\"https:\\\/\\\/www.lafundacion.com\\\/wp-content\\\/uploads\\\/2020\\\/05\\\/video23-1.jpg\",\"contentUrl\":\"https:\\\/\\\/www.lafundacion.com\\\/wp-content\\\/uploads\\\/2020\\\/05\\\/video23-1.jpg\",\"width\":480,\"height\":272},{\"@type\":\"BreadcrumbList\",\"@id\":\"https:\\\/\\\/www.lafundacion.com\\\/eu\\\/portfolio-item\\\/errege-magoak-2019\\\/#breadcrumb\",\"itemListElement\":[{\"@type\":\"ListItem\",\"position\":1,\"name\":\"Portada\",\"item\":\"https:\\\/\\\/www.lafundacion.com\\\/eu\\\/hasiera\\\/\"},{\"@type\":\"ListItem\",\"position\":2,\"name\":\"Errege Magoak 2019\"}]},{\"@type\":\"WebSite\",\"@id\":\"https:\\\/\\\/www.lafundacion.com\\\/eu\\\/#website\",\"url\":\"https:\\\/\\\/www.lafundacion.com\\\/eu\\\/\",\"name\":\"La Fundaci\u00f3n San Prudencio\",\"description\":\"La Fundaci\u00f3n Laboral San Prudencio en Vitoria-Gasteiz\",\"publisher\":{\"@id\":\"https:\\\/\\\/www.lafundacion.com\\\/eu\\\/#organization\"},\"potentialAction\":[{\"@type\":\"SearchAction\",\"target\":{\"@type\":\"EntryPoint\",\"urlTemplate\":\"https:\\\/\\\/www.lafundacion.com\\\/eu\\\/?s={search_term_string}\"},\"query-input\":{\"@type\":\"PropertyValueSpecification\",\"valueRequired\":true,\"valueName\":\"search_term_string\"}}],\"inLanguage\":\"eu-ES\"},{\"@type\":\"Organization\",\"@id\":\"https:\\\/\\\/www.lafundacion.com\\\/eu\\\/#organization\",\"name\":\"La Fundaci\u00f3n San Prudencio\",\"url\":\"https:\\\/\\\/www.lafundacion.com\\\/eu\\\/\",\"logo\":{\"@type\":\"ImageObject\",\"inLanguage\":\"eu-ES\",\"@id\":\"https:\\\/\\\/www.lafundacion.com\\\/eu\\\/#\\\/schema\\\/logo\\\/image\\\/\",\"url\":\"https:\\\/\\\/www.lafundacion.com\\\/wp-content\\\/uploads\\\/2020\\\/03\\\/logo-la-fundacion.png\",\"contentUrl\":\"https:\\\/\\\/www.lafundacion.com\\\/wp-content\\\/uploads\\\/2020\\\/03\\\/logo-la-fundacion.png\",\"width\":323,\"height\":129,\"caption\":\"La Fundaci\u00f3n San Prudencio\"},\"image\":{\"@id\":\"https:\\\/\\\/www.lafundacion.com\\\/eu\\\/#\\\/schema\\\/logo\\\/image\\\/\"}}]}<\/script>\r\n<!-- \/ Yoast SEO plugin. -->","yoast_head_json":{"title":"Errege Magoak 2019 &#187; La Fundaci\u00f3n San Prudencio","robots":{"index":"noindex","follow":"follow"},"og_locale":"eu_ES","og_type":"article","og_title":"Errege Magoak 2019 &#187; La Fundaci\u00f3n San Prudencio","og_description":"Un a\u00f1o m\u00e1s, los Reyes Magos acudieron a su cita con los ni\u00f1os y ni\u00f1as de La Fundaci\u00f3n el pasado d\u00eda 4 de enero en el Edificio Opera de Vitoria-Gasteiz. Los peques all\u00ed congregados tuvieron la oportunidad de entregarles las cartas con sus peticiones de \u00faltima hora. Fueron m\u00e1s de 1.400 ni\u00f1os\/as los que charlaron [&hellip;]","og_url":"https:\/\/www.lafundacion.com\/eu\/portfolio-item\/errege-magoak-2019\/","og_site_name":"La Fundaci\u00f3n San Prudencio","article_modified_time":"2020-11-05T11:01:22+00:00","og_image":[{"width":480,"height":272,"url":"https:\/\/www.lafundacion.com\/wp-content\/uploads\/2020\/05\/video23-1.jpg","type":"image\/jpeg"}],"twitter_card":"summary_large_image","schema":{"@context":"https:\/\/schema.org","@graph":[{"@type":"WebPage","@id":"https:\/\/www.lafundacion.com\/eu\/portfolio-item\/errege-magoak-2019\/","url":"https:\/\/www.lafundacion.com\/eu\/portfolio-item\/errege-magoak-2019\/","name":"Errege Magoak 2019 &#187; La Fundaci\u00f3n San Prudencio","isPartOf":{"@id":"https:\/\/www.lafundacion.com\/eu\/#website"},"primaryImageOfPage":{"@id":"https:\/\/www.lafundacion.com\/eu\/portfolio-item\/errege-magoak-2019\/#primaryimage"},"image":{"@id":"https:\/\/www.lafundacion.com\/eu\/portfolio-item\/errege-magoak-2019\/#primaryimage"},"thumbnailUrl":"https:\/\/www.lafundacion.com\/wp-content\/uploads\/2020\/05\/video23-1.jpg","datePublished":"2019-01-14T16:14:15+00:00","dateModified":"2020-11-05T11:01:22+00:00","breadcrumb":{"@id":"https:\/\/www.lafundacion.com\/eu\/portfolio-item\/errege-magoak-2019\/#breadcrumb"},"inLanguage":"eu-ES","potentialAction":[{"@type":"ReadAction","target":["https:\/\/www.lafundacion.com\/eu\/portfolio-item\/errege-magoak-2019\/"]}]},{"@type":"ImageObject","inLanguage":"eu-ES","@id":"https:\/\/www.lafundacion.com\/eu\/portfolio-item\/errege-magoak-2019\/#primaryimage","url":"https:\/\/www.lafundacion.com\/wp-content\/uploads\/2020\/05\/video23-1.jpg","contentUrl":"https:\/\/www.lafundacion.com\/wp-content\/uploads\/2020\/05\/video23-1.jpg","width":480,"height":272},{"@type":"BreadcrumbList","@id":"https:\/\/www.lafundacion.com\/eu\/portfolio-item\/errege-magoak-2019\/#breadcrumb","itemListElement":[{"@type":"ListItem","position":1,"name":"Portada","item":"https:\/\/www.lafundacion.com\/eu\/hasiera\/"},{"@type":"ListItem","position":2,"name":"Errege Magoak 2019"}]},{"@type":"WebSite","@id":"https:\/\/www.lafundacion.com\/eu\/#website","url":"https:\/\/www.lafundacion.com\/eu\/","name":"La Fundaci\u00f3n San Prudencio","description":"La Fundaci\u00f3n Laboral San Prudencio en Vitoria-Gasteiz","publisher":{"@id":"https:\/\/www.lafundacion.com\/eu\/#organization"},"potentialAction":[{"@type":"SearchAction","target":{"@type":"EntryPoint","urlTemplate":"https:\/\/www.lafundacion.com\/eu\/?s={search_term_string}"},"query-input":{"@type":"PropertyValueSpecification","valueRequired":true,"valueName":"search_term_string"}}],"inLanguage":"eu-ES"},{"@type":"Organization","@id":"https:\/\/www.lafundacion.com\/eu\/#organization","name":"La Fundaci\u00f3n San Prudencio","url":"https:\/\/www.lafundacion.com\/eu\/","logo":{"@type":"ImageObject","inLanguage":"eu-ES","@id":"https:\/\/www.lafundacion.com\/eu\/#\/schema\/logo\/image\/","url":"https:\/\/www.lafundacion.com\/wp-content\/uploads\/2020\/03\/logo-la-fundacion.png","contentUrl":"https:\/\/www.lafundacion.com\/wp-content\/uploads\/2020\/03\/logo-la-fundacion.png","width":323,"height":129,"caption":"La Fundaci\u00f3n San Prudencio"},"image":{"@id":"https:\/\/www.lafundacion.com\/eu\/#\/schema\/logo\/image\/"}}]}},"_links":{"self":[{"href":"https:\/\/www.lafundacion.com\/eu\/wp-json\/wp\/v2\/portfolio\/11418","targetHints":{"allow":["GET"]}}],"collection":[{"href":"https:\/\/www.lafundacion.com\/eu\/wp-json\/wp\/v2\/portfolio"}],"about":[{"href":"https:\/\/www.lafundacion.com\/eu\/wp-json\/wp\/v2\/types\/portfolio"}],"author":[{"embeddable":true,"href":"https:\/\/www.lafundacion.com\/eu\/wp-json\/wp\/v2\/users\/1"}],"replies":[{"embeddable":true,"href":"https:\/\/www.lafundacion.com\/eu\/wp-json\/wp\/v2\/comments?post=11418"}],"version-history":[{"count":1,"href":"https:\/\/www.lafundacion.com\/eu\/wp-json\/wp\/v2\/portfolio\/11418\/revisions"}],"predecessor-version":[{"id":11419,"href":"https:\/\/www.lafundacion.com\/eu\/wp-json\/wp\/v2\/portfolio\/11418\/revisions\/11419"}],"wp:featuredmedia":[{"embeddable":true,"href":"https:\/\/www.lafundacion.com\/eu\/wp-json\/wp\/v2\/media\/5560"}],"wp:attachment":[{"href":"https:\/\/www.lafundacion.com\/eu\/wp-json\/wp\/v2\/media?parent=11418"}],"wp:term":[{"taxonomy":"post_tag","embeddable":true,"href":"https:\/\/www.lafundacion.com\/eu\/wp-json\/wp\/v2\/tags?post=11418"},{"taxonomy":"portfolio_entries","embeddable":true,"href":"https:\/\/www.lafundacion.com\/eu\/wp-json\/wp\/v2\/portfolio_entries?post=11418"}],"curies":[{"name":"wp","href":"https:\/\/api.w.org\/{rel}","templated":true}]}}

<p>Un año más, los   Reyes Magos acudieron a su cita con los niños y niñas de La Fundación el   pasado día 4 de enero en el Edificio Opera de Vitoria-Gasteiz. Los peques   allí congregados tuvieron la oportunidad de entregarles las cartas con sus   peticiones de última hora. Fueron más de 1.400 niños/as los que charlaron con   sus Majestades antes de que visitaran sus casas la noche siguiente.</p>

<p>Un año más, los Reyes Magos acudieron a su cita con los niños y niñas de La Fundación el pasado día 4 de enero en el Edificio Opera de Vitoria-Gasteiz. Los peques allí congregados tuvieron la oportunidad de entregarles las cartas con sus peticiones de última hora. Fueron más de 1.400 niños/as los que charlaron [&hellip;]</p>

<!-- This site is optimized with the Yoast SEO plugin v27.5 - https://yoast.com/product/yoast-seo-wordpress/ -->
<title>Errege Magoak 2019 &#187; La Fundación San Prudencio</title>
<meta name="robots" content="noindex, follow" />
<meta property="og:locale" content="eu_ES" />
<meta property="og:type" content="article" />
<meta property="og:title" content="Errege Magoak 2019 &#187; La Fundación San Prudencio" />
<meta property="og:description" content="Un año más, los Reyes Magos acudieron a su cita con los niños y niñas de La Fundación el pasado día 4 de enero en el Edificio Opera de Vitoria-Gasteiz. Los peques allí congregados tuvieron la oportunidad de entregarles las cartas con sus peticiones de última hora. Fueron más de 1.400 niños/as los que charlaron [&hellip;]" />
<meta property="og:url" content="https://www.lafundacion.com/eu/portfolio-item/errege-magoak-2019/" />
<meta property="og:site_name" content="La Fundación San Prudencio" />
<meta property="article:modified_time" content="2020-11-05T11:01:22+00:00" />
<meta property="og:image" content="https://www.lafundacion.com/wp-content/uploads/2020/05/video23-1.jpg" />
	<meta property="og:image:width" content="480" />
	<meta property="og:image:height" content="272" />
	<meta property="og:image:type" content="image/jpeg" />
<meta name="twitter:card" content="summary_large_image" />
<script type="application/ld+json" class="yoast-schema-graph">{"@context":"https:\/\/schema.org","@graph":[{"@type":"WebPage","@id":"https:\/\/www.lafundacion.com\/eu\/portfolio-item\/errege-magoak-2019\/","url":"https:\/\/www.lafundacion.com\/eu\/portfolio-item\/errege-magoak-2019\/","name":"Errege Magoak 2019 &#187; La Fundación San Prudencio","isPartOf":{"@id":"https:\/\/www.lafundacion.com\/eu\/#website"},"primaryImageOfPage":{"@id":"https:\/\/www.lafundacion.com\/eu\/portfolio-item\/errege-magoak-2019\/#primaryimage"},"image":{"@id":"https:\/\/www.lafundacion.com\/eu\/portfolio-item\/errege-magoak-2019\/#primaryimage"},"thumbnailUrl":"https:\/\/www.lafundacion.com\/wp-content\/uploads\/2020\/05\/video23-1.jpg","datePublished":"2019-01-14T16:14:15+00:00","dateModified":"2020-11-05T11:01:22+00:00","breadcrumb":{"@id":"https:\/\/www.lafundacion.com\/eu\/portfolio-item\/errege-magoak-2019\/#breadcrumb"},"inLanguage":"eu-ES","potentialAction":[{"@type":"ReadAction","target":["https:\/\/www.lafundacion.com\/eu\/portfolio-item\/errege-magoak-2019\/"]}]},{"@type":"ImageObject","inLanguage":"eu-ES","@id":"https:\/\/www.lafundacion.com\/eu\/portfolio-item\/errege-magoak-2019\/#primaryimage","url":"https:\/\/www.lafundacion.com\/wp-content\/uploads\/2020\/05\/video23-1.jpg","contentUrl":"https:\/\/www.lafundacion.com\/wp-content\/uploads\/2020\/05\/video23-1.jpg","width":480,"height":272},{"@type":"BreadcrumbList","@id":"https:\/\/www.lafundacion.com\/eu\/portfolio-item\/errege-magoak-2019\/#breadcrumb","itemListElement":[{"@type":"ListItem","position":1,"name":"Portada","item":"https:\/\/www.lafundacion.com\/eu\/hasiera\/"},{"@type":"ListItem","position":2,"name":"Errege Magoak 2019"}]},{"@type":"WebSite","@id":"https:\/\/www.lafundacion.com\/eu\/#website","url":"https:\/\/www.lafundacion.com\/eu\/","name":"La Fundación San Prudencio","description":"La Fundación Laboral San Prudencio en Vitoria-Gasteiz","publisher":{"@id":"https:\/\/www.lafundacion.com\/eu\/#organization"},"potentialAction":[{"@type":"SearchAction","target":{"@type":"EntryPoint","urlTemplate":"https:\/\/www.lafundacion.com\/eu\/?s={search_term_string}"},"query-input":{"@type":"PropertyValueSpecification","valueRequired":true,"valueName":"search_term_string"}}],"inLanguage":"eu-ES"},{"@type":"Organization","@id":"https:\/\/www.lafundacion.com\/eu\/#organization","name":"La Fundación San Prudencio","url":"https:\/\/www.lafundacion.com\/eu\/","logo":{"@type":"ImageObject","inLanguage":"eu-ES","@id":"https:\/\/www.lafundacion.com\/eu\/#\/schema\/logo\/image\/","url":"https:\/\/www.lafundacion.com\/wp-content\/uploads\/2020\/03\/logo-la-fundacion.png","contentUrl":"https:\/\/www.lafundacion.com\/wp-content\/uploads\/2020\/03\/logo-la-fundacion.png","width":323,"height":129,"caption":"La Fundación San Prudencio"},"image":{"@id":"https:\/\/www.lafundacion.com\/eu\/#\/schema\/logo\/image\/"}}]}</script>
<!-- / Yoast SEO plugin. -->

Errege Magoak 2019 &#187; La Fundación San Prudencio

Un año más, los Reyes Magos acudieron a su cita con los niños y niñas de La Fundación el pasado día 4 de enero en el Edificio Opera de Vitoria-Gasteiz. Los peques allí congregados tuvieron la oportunidad de entregarles las cartas con sus peticiones de última hora. Fueron más de 1.400 niños/as los que charlaron [&hellip;]

La Fundación San Prudencio

La Fundación Laboral San Prudencio en Vitoria-Gasteiz
